at is the tens digit of y(b)?
6
Suppose -11*n + 858 = -8*n. What is the hundreds digit of n?
2
Suppose 14*p - 6956 - 2452 = 0. What is the units digit of p?
2
Suppose 5*x + 0*a + 5*a = 190, -4*a + 23 = x. Suppose -x*p + 42*p = -78. What is the tens digit of p?
7
Suppose 0 = 2*f + 2, -r - 597 = -2*r - 4*f. What is the units digit of r?
1
Let d = 9 - 5. Suppose 2*t = d*t + 10. What is the units digit of (t/(-4))/(2/8)?
5
Let y = 4408 + -1494. What is the tens digit of y?
1
Let b = -2 - -30. Let h = b - 66. Let c = h + 84. What is the tens digit of c?
4
What is the tens digit of -7 + 5 + -7 + 860?
5
Let i be -9 - 1/(-1 - -2). Let y = i + 12. Suppose 3*a - y*t = 172, a + 27 = -2*t + 71. What is the tens digit of a?
5
Suppose 23*v - 1091 = 4406. What is the units digit of v?
9
What is the tens digit of 1*1/(2/458)?
2
Let b(v) = 22*v + 897. What is the hundreds digit of b(46)?
9
Suppose -2*x + 3*x - n = 70, n = 4*x - 274. Suppose x = q + a, -4*q = 3*a - 0*a - 277. What is the units digit of q?
3
Let y = -16 - -18. Suppose 36 = y*d + 5*k - 22, 5*d - 116 = 2*k. What is the tens digit of (d/4)/((-9)/(-30))?
2
Suppose -2*o + 2*h + 6374 = 2*o, 0 = 3*o + 4*h - 4808. What is the tens digit of o?
9
What is the tens digit of 4*-1 + 11 + (-9632)/(-7)?
8
Let n(d) = -2*d**3 + 5*d**2 - 2*d - 2. Let m be n(2). What is the units digit of -10*(0/m - 34/4)?
5
Suppose 11*o = -7*o + 34506. What is the tens digit of o?
1
Let m(q) = 3*q**3 - q**2 + q + 708. What is the units digit of m(0)?
8
Let b(n) = 3*n**2 + 103*n + 135. What is the hundreds digit of b(-44)?
4
Let u(b) = -108*b + 3 + 2 + 2 - 36*b. What is the hundreds digit of u(-1)?
1
Suppose 0 = c + 2*u - 286, -2*u + 23 = -2*c + 577. What is the tens digit of c?
8
Suppose 0 = -3*z + 2*v + 1931, 0 = z + 4*z + 2*v - 3229. Suppose -6*s + z = 75. What is the units digit of s?
5
Let s = 52 - -86. Let t = s + -50. What is the tens digit of t?
8
Let b(l) = 105*l - 124. What is the units digit of b(8)?
6
Let h(n) = -n**3 + 18*n**2 - 17*n + 9. Suppose -2*z = 5*d - 83, 4*d - 5*z - 8 = 65. What is the units digit of h(d)?
9
Let s(d) = -d**3 + d**2 - d - 3. Let w be s(0). Let u = w - 1. Let c(l) = l**3 + 4*l**2 - 6*l - 4. What is the tens digit of c(u)?
2
Let v(y) = 135*y - 26. Let s be v(-5). What is the hundreds digit of s/(-3) - (0 - (-5)/(-15))?
2
Let d = -23 + 25. Suppose -3*s - 2*s = -2*v - 184, 4*s + d*v - 140 = 0. Let i = -2 + s. What is the units digit of i?
4
Suppose 7*o = -1417 + 7038. What is the hundreds digit of o?
8
Suppose -3*g + 11 = 3*h - 10, -h - 5*g + 27 = 0. Suppose 0 - 10 = h*m, -a + 56 = -4*m. What is the units digit of (-542)/(-9) - a/162?
0
Let w be (-80)/28 - (-1)/(-7). Let u be (0/w)/(-4) - 6. What is the units digit of (-54 + 3)/(u + 5)?
1
Suppose -j + 4 - 15 = 0. Let t = j + 100. What is the tens digit of t?
8
Suppose 378 + 511 = 7*y. What is the hundreds digit of y?
1
Let c(o) = -71*o + 18. Let p be c(16). What is the tens digit of 1 + p/(-8) + 123/(-164)?
4
Suppose 16 = 5*q - 84. Let h be (-8)/12*6 + q. What is the units digit of (1 - h)*(-1 - 2)?
5
Suppose -5*z = -2*l - 2*z + 1953, -4850 = -5*l + z. What is the tens digit of l?
6
Let s be (2 + -6)*((-54)/24)/3. Suppose -39 - 720 = -s*q. What is the tens digit of q?
5
Let s = 0 + -3. Let q = s + 5. Suppose -q*y + 68 = -0*y. What is the tens digit of y?
3
Suppose -26*v + 1187 = -3311. What is the hundreds digit of v?
1
Let l be ((-10)/15)/(3/(-252)). Let r = l - 20. What is the units digit of r?
6
Let n = 8 - 10. Let p be (-1)/((-21)/(-9) + n). Let r = 13 + p. What is the tens digit of r?
1
Let a be 2/(-7) - 244/28. Suppose 5*z + 5*h = z - 149, -2*z - 5*h = 67. Let y = a - z. What is the tens digit of y?
3
Let v(c) = c - 4. Let s be v(5). What is the tens digit of ((2 - s) + 3)*12?
4
Suppose -3*z = 2*r + 86, 2*z - r = 3*r - 84. Let b = z - -37. Suppose -j + m - 242 = -b*j, -5*j - m + 303 = 0. What is the tens digit of j?
6
Let f(v) = v**2 + 7*v + 11. Let m(x) = -x**2. Let a(h) = f(h) + 2*m(h). Let w be a(8). Let p = 12 - w. What is the units digit of p?
9
Let x(f) = 2*f - 2. Let y be x(10). Suppose 5*w = 68 - y. What is the units digit of w?
0
Let v = -28 - -22. Let b be 6/(-2)*(-310)/v. Let z = b + 221. What is the tens digit of z?
6
Suppose -5*h + 2*w + 119 = -28, -3*w = h - 26. Let d = -3 - -5. Suppose h = z - d. What is the tens digit of z?
3
Let o = 2840 - 1152. What is the units digit of o?
8
Suppose 8207 + 4771 = 9*b. What is the units digit of b?
2
Let d be (2/(2/(-1)))/(2/50). Let m = 37 - d. What is the tens digit of m?
6
Let z be -1*(4/(-2) + -1). Suppose o + 1 = -z*p, 4*o + p + 0*p - 29 = 0. Suppose c = o + 10. What is the units digit of c?
8
Let b(o) = 22*o**2 + 4*o - 41. What is the hundreds digit of b(-5)?
4
Suppose -8*m - 4 = -28. Suppose m*r + 4*t = 4*r - 188, t + 542 = 3*r. What is the hundreds digit of r?
1
Let g(f) = f**2 - 7*f + 4. Let v be g(7). Let a(l) = l**2 - 16*l + 57. Let x be a(6). Let c = v + x. What is the units digit of c?
1
Let h(o) = o**2 - 4*o + 3. Let m be h(4). Suppose -134 = -m*r - 29. What is the tens digit of r?
3
Let a(c) = 410 - c**3 + c**3 + 52*c - 27*c**2 - c**3 - 447. What is the hundreds digit of a(-29)?
1
Suppose -2*c = -0*c. Suppose c = 3*j - 5*w + 9 - 31, 5*j + 5*w = 10. Suppose 0 = -0*f - j*f + 40. What is the tens digit of f?
1
Suppose 0*m - 159 = -3*m - 3*u, 0 = -5*m + u + 253. Let j = -33 + m. What is the units digit of j?
8
Suppose 0 = 2*q - 3 + 49. Let m = q - -29. What is the units digit of (m/4)/((-6)/(-16))?
4
Suppose -w + 4*r + 777 = 118, 2*w + 4*r = 1318. What is the units digit of w?
9
Let g(u) = u**3 + 21*u**2 + 20*u - 17. What is the hundreds digit of g(-19)?
3
Suppose -n + 45 = -81. Let v = n - 78. Suppose k - 4*k + v = 0. What is the units digit of k?
6
Let z = 246 - 165. What is the tens digit of z?
8
Let r = 1498 - 898. What is the tens digit of ((-8)/5)/((-16)/r)?
6
Suppose -3 = w - 4*h, -w = -2*w - 3*h - 3. Let d be -25*(-1)/w*3. Let j = d + 34. What is the units digit of j?
9
Let h be (-2)/10 + ((-4347)/15 - 4). Let j = -200 - h. What is the tens digit of j?
9
Suppose -2*g - 41 - 5 = 0. Let o = -24 - g. Let l = 7 + o. What is the units digit of l?
6
Let h = -2079 + 3113. What is the tens digit of h?
3
Let i = -1332 - -2223. What is the hundreds digit of i?
8
Suppose 5*i = -4*v + 64 - 11, -v - 8 = -3*i. Suppose -2*o + v*o - 3*h - 340 = 0, -o = 2*h - 81. What is the tens digit of o?
7
Suppose -2*n - 2 = 0, -3*n = 5*z - 2181 + 614. Suppose 3*a + a + 2*w = z, -390 = -5*a - 2*w. What is the tens digit of a?
7
What is the hundreds digit of 7/(-7)*14*(-3525)/10?
9
Suppose 132*y - 123*y - 5598 = 0. What is the hundreds digit of y?
6
Let r(s) = 111*s**2 + 12*s - 12. What is the tens digit of r(3)?
2
Suppose 5*y + 5*u + 0*u = -5, -4*u = 3*y + 7. Suppose 0 = -c + 1 + y. Suppose 0 = 3*o - 3, 7*n - c*o = 3*n + 92. What is the units digit of n?
4
Let g(m) = 509*m**2 + 7. What is the units digit of g(2)?
3
Suppose -r + 2*a + 0 = 8, 2*r = -4*a - 16. What is the tens digit of (12/(-8) - 20/r)*225?
2
Let o(q) = -12*q - 5. Let m be o(-2). Suppose -v + 2*v - m = 0. What is the tens digit of v?
1
Let r(q) be the third derivative of 5*q**2 - 1/12*q**5 + 0 + 1/120*q**6 + 1/6*q**4 + 0*q + 2/3*q**3. What is the units digit of r(5)?
4
Let i(r) = r**3 - 5*r**2 + 11*r - 7. Let s be i(6). Suppose -7*d = -2*d - s. What is the units digit of d?
9
Suppose 5*y = 11*y - 246. What is the tens digit of y?
4
Let a = -26 + 29. Suppose -15 + 3 = -a*j. Suppose -b = j*q - 43, -b = 2*b + 3*q - 129. What is the tens digit of b?
4
Suppose -3*s + 3*a + 3777 = 0, 0 = -3*s - 21*a + 20*a + 3761. What is the tens digit of s?
5
What is the units digit of (12/56)/((-5)/(-1980))*7?
4
Let d be ((-2)/3)/((-6)/(-27)). Let p be d*(2 + -1 + -2). Suppose -k - p*k = -128. What is the units digit of k?
2
Suppose 0 = 173*f - 165*f - 10000. What is the thousands digit of f?
1
Suppose -2*n - 10692 = -2*w, 5*w + 58*n - 60*n - 26739 = 0. What is the units digit of w?
9
Let u(f) = -f**3 + 14*f**2 + 15*f + 2. Let h be u(15). Let n be (12/(-18))/(h/(-12)). Suppose n*y + 3*o = 68, -3*o + 72 = 4*y + o. What is the tens digit of y?
1
Let p = -14 + 18. Suppose 0 = i + i + p. What is the tens digit of 0 + i - -18 - 2?
1
Suppose 4*l - 14 - 2 = 0.